 - 6*p - 6. Suppose 0 = 5*s + 3*d + 8, 4*s + 32 = 7*d - 3*d. Let y(m) = m**3 - 4*m**2 + 7*m + 7. Let i(b) = s*j(b) - 3*y(b). Give i(3).
3
Suppose -4*c + 1 = -5*y - 8, 0 = 5*y + 5. Let q(h) be the third derivative of -h**6/120 + h**5/30 - h**4/24 + h**3/6 - 3*h**2. Give q(c).
1
Let j = -18 + 19. Let x(i) = 4*i**2 - i**3 - j - 4 + 0 + 0. Give x(4).
-5
Let l(h) = 4*h - h**3 + 44 + 2*h**2 - 44. Calculate l(3).
3
Let m(v) = -6*v**2 - 2*v - 1. Suppose -4*z = -5*a + 10, -3*a + z + 4*z = -19. Give m(a).
-21
Let f(h) = -6*h + 3. Let v(b) = -13*b + 7. Let w(d) = 14*f(d) - 6*v(d). What is w(1)?
-6
Let i be (2/(-2) + 1)/2. Let l(b) = -b**2 + b + 9. Determine l(i).
9
Let p(m) = -2*m - 2. Let f(s) = 1. Let g(i) = -2*f(i) - p(i). Suppose 14 = 2*k - 5*j, 0 = -3*j + j - 4. Let v be ((-3)/9)/(k/(-6)). What is g(v)?
2
Let t be ((-20)/(-6))/(2/3). Let g(k) be the third derivative of -k**5/60 + k**4/6 - 2*k**2 - 21*k. What is g(t)?
-5
Let j(h) be the first derivative of 0*h**2 - 4*h + 1 + 5/3*h**3 + 1/4*h**4. Suppose -5*a = 5*m, -4*m - 11 - 4 = a. Calculate j(m).
-4
Let t(f) = -f**3 + 10*f**2 + 10*f + 16. Let m be t(11). Let p(n) be the first derivative of n**3/3 - 3*n**2 + 3*n - 1. Give p(m).
-2
Let i(j) = -j**2 + 4*j + 5. Suppose 3*g - 5 = 2*g. Suppose -6*b = -2*b - 4*q - 4, 0 = 2*b + g*q - 37. Calculate i(b).
-7
Let i(d) = d**2 - 9*d - 7. Let f be i(10). Let m(h) = 4*h - 5. Let l(v) = -v. Let j(p) = f*l(p) + m(p). What is j(-6)?
-11
Suppose 9*j - 21 = 6*j. Let s = -7 + j. Let h(p) = 4 + 4*p + p**2 + 0*p**2 - p**3 - 3*p. What is h(s)?
4
Let y(u) = u**2 - 7*u + 8. Let j be y(6). Let d(s) = s**2 - j*s + 0*s**2 + 8*s + s**3 + 1 + 6*s**2. Give d(-6).
1
Suppose 0 = q - 4*q + 15. Let d(n) = -n**2 + 6*n - 2. Calculate d(q).
3
Let i(j) = -j + 3. Let s(p) = p**2 + 5*p - 3. Let t(y) = y**2 - 5*y + 4. Let h be t(3). Let r(g) = 4*g + 3. Let q be r(h). Let m be s(q). Give i(m).
6
Let d be (2/2)/(2/6). Suppose d*g - 8 = 4. Let h(w) = w**2 + 2*w - w**3 + 1 + 2*w**2 + 2. What is h(g)?
-5
Let h(k) = -5*k**2 + 2*k + 1. Suppose 0 = 4*i - 10 - 6. Let r be (-1)/i*2*2. What is h(r)?
-6
Let o(x) be the second derivative of x**5/20 - x**4/12 - 2*x**3/3 - 12*x. Calculate o(3).
6
Let k(h) = 10*h**2 - 1. Let t be (-4)/(6/(-4 + (-5)/(-2))). Determine k(t).
9
Let d be (-1)/(-2) - (-40)/16. Let v(x) = -2*x - x**2 - d + 7*x - 11*x. Give v(-2).
5
Let x(p) = p + 1. Let c(o) = o**2 - 2*o - 2. Let v(q) = c(q) + 5*x(q). Let j be v(-3). Let k(a) = -a**3 + 2*a**2 + 5*a - 4. Give k(j).
2
Let y(t) = -t**3 - 2*t**2 + 2*t + 2. Suppose 18 = w - 3. Let i be 3 - (3 - w)/(-3). Give y(i).
5
Let u = 11 - 4. Let j(o) = o**2 - 5*o - 10. Let g be j(u). Suppose r = -g + 1. Let m(p) = -p**3 - 2*p**2 + p - 4. What is m(r)?
2
Let w = 2 + -2. Let j(d) = 2 + 3*d + w*d**3 + d + d**3 + 3*d**2. Calculate j(-2).
-2
Let m(f) = f**3 - 4*f**2 + 2*f. Suppose 4*p + 9 = 1, -k + 6 = -p. Let q(c) = c**2 - 4*c - 4. Let w be q(k). Let r be -9*(4/3)/w. Determine m(r).
-3
Suppose 7*q = -q + 32. Let w(g) = -3*g + 2. Give w(q).
-10
Let a(m) be the first derivative of -m**2/2 - 12*m - 27. What is a(-8)?
-4
Let q(j) = -j**3 - 7*j**2 + j - 1. Suppose 0*u = 3*u + 21. Give q(u).
-8
Let h(p) = -2*p - 4. Let z = -26 + 41. Let j = 10 - z. Determine h(j).
6
Let h = 2 - 0. Let q(u) = 2 + u - 3 + h. Let k = -7 - -4. Determine q(k).
-2
Let s(v) = -3*v - 1. Let o be 2*(6 + -3)/6. What is s(o)?
-4
Let z(i) be the first derivative of 3 + 0 - 11*i + 10*i + 2*i**3. Calculate z(-1).
5
Suppose 6*h + h = 70. Let w(g) = -g**3 + 10*g**2 + g - 10. Let q be w(h). Let i(k) = -k**3 - k - 4. Calculate i(q).
-4
Let z(l) be the third derivative of -1/8*l**4 - 1/60*l**5 + 0 + 2/3*l**3 + 0*l - 2*l**2. Determine z(-4).
0
Let x(h) be the third derivative of h**5/60 + h**4/8 + h**3/6 - 5*h**2 - 7. Calculate x(-3).
1
Let f(v) be the third derivative of v**6/120 + v**5/12 + v**4/24 - v**3/3 + v**2. Suppose 4*z + 40 = -z. Let w = z - -3. Determine f(w).
-7
Let y(j) = j**2 + 7*j - 3. Let x(g) = -g**3 - 5*g**2 - 2*g - 17. Let a be x(-5). What is y(a)?
-3
Let b(o) = 2*o - 8. Let k(s) = -2*s - 3. Let u be -1 + 4 - (3 - -5). Let t be k(u). What is b(t)?
6
Let m(x) = 3*x - 10. Let d(l) = 10*l - 30. Suppose 0 = -v - w + 1, -v + 4*w + 6 = -0*w. Let a(i) = v*d(i) - 7*m(i). Calculate a(5).
5
Let z be (3 - (-2)/(-2))*-2. Let v = 1 + z. Let f(a) = -a**3 - 2*a**2 + 3*a - 4. Give f(v).
-4
Let b(h) = -5*h**2 + 1 + h**2 + 0 - 2*h + 0. Calculate b(2).
-19
Suppose 0 = -4*f + 12, 2*o = -0*o + 5*f - 13. Let a(q) = q**2 + 6*q + 6. Let s be a(-5). Let x(p) = 3*p**2 + 5*p**3 - 2*p - p**2 - p**2 + s. What is x(o)?
5
Let f be 6/4*12/18. Let c = 0 - f. Let h be (12/(-15))/(c/5). Let y(a) = -2*a + 6. What is y(h)?
-2
Let g(d) be the first derivative of -d**4/4 + d**3 + d**2/2 + 5*d + 6. Give g(4).
-7
Let q(i) = -i**3 - 4*i**2 + i + 1. Let h(f) = f**3 + f**2 - f. Let g be h(0). Suppose g*p = -4*p + 4, -5*v - 21 = -p. Calculate q(v).
-3
Let m(d) be the second derivative of -d**3/6 - 2*d. Let n be m(-2). Let p(w) = 2*w**2 - 3*w + 1. Determine p(n).
3
Let l(c) = -5*c + 3. Let o(h) = h**2 - 5*h - 2. Let v be o(6). What is l(v)?
-17
Let i(b) be the first derivative of b**5/60 - 5*b**4/24 - 4*b**3/3 - 1. Let c(a) be the third derivative of i(a). Calculate c(4).
3
Let f(o) = -o**2 + o + 4. Let x(c) = c + 3. Let s be x(0). Let j be -4 - 10/(-3) - 2/(-3). Suppose j = -b - 0 - s. Determine f(b).
-8
Let a(i) = 2*i - 2 + i**3 - 3*i**2 + 0*i + 0*i. Suppose -7*t + 24*t = 34. Calculate a(t).
-2
Let w(l) = -l**2 - 7*l - 7. Suppose 3*u = -4*g + 2*u + 18, -u = 2*g - 8. Suppose -2*z = 5 + g. What is w(z)?
3
Let c(p) be the first derivative of -p**2/2 - 8*p - 5. Give c(-6).
-2
Let w(u) be the second derivative of u**3/6 - 5*u**2/2 - 3*u. Determine w(6).
1
Suppose 5*g = 2*g + 6. Suppose g*k + 22 = 8. Let q(r) = r**3 + 6*r**2 - 7*r - 1. Calculate q(k).
-1
Let c(x) be the second derivative of x**3/6 - x**2/2 - 4*x. What is c(1)?
0
Let p(b) = 8*b**2 + 0*b**2 - 6*b**2 - b**2. Give p(0).
0
Suppose 17 = -5*l + 2. Let j(r) = r**2 - 1. Let k(n) = 4*n**2 - 3*n - 6. Let c(w) = 5*j(w) - k(w). Calculate c(l).
1
Suppose -2*h = 8 - 28. Suppose 2 + h = 2*q. Let y(z) = z**2 - 7*z + 6. Give y(q).
0
Suppose -57 = 5*d + 2*l + 2*l, -3*d = -l + 24. Let b = d - -16. Let k(m) = -3 + b + 1 - 2*m. What is k(4)?
-3
Let j(n) be the second derivative of -7/6*n**3 - 3*n + 0 + 1/2*n**2 - 1/12*n**4. Calculate j(-6).
7
Let h(k) = -3*k + 7. Suppose -3*c - 2 = -20. What is h(c)?
-11
Let p(n) = n**3 - 1. Let a(j) = -2*j**3 + 4*j**2 - 7*j - 4. Let l(w) = -a(w) - 3*p(w). Suppose 2*f - 4*y = 6, -3*f + 2 = -f - 3*y. Determine l(f).
-3
Let b(q) = 18*q**3 + 2*q - 1. Let f = -8 - -9. What is b(f)?
19
Let i(a) = -11*a**3 + 2*a - 1. Let q(y) = -y**2 + 27*y - 25. Let x be q(26). What is i(x)?
-10
Let n be 0 + (-13 - -3)/(-2). Suppose -n*f = 5*z - 30, -2*f - 2*z = -3*z - 15. Let g(h) = 0*h - f + h - 2*h - 4. Calculate g(-5).
-6
Let w(d) = d**3 - 6*d**2 - 3*d + 5. Let v be w(6). Let t(r) = r**3 + 13*r**2 - 8. Determine t(v).
-8
Let c(n) be the second derivative of n**4/12 - 3*n**3/2 - n**2/2 - 12*n. What is c(9)?
-1
Let y = 12 + -6. Let l = y - 4. Let u(b) = -4*b + 7*b - 2 + 2*b. Give u(l).
8
Let z(d) be the first derivative of 2 - 1/360*d**6 + 0*d**2 + 1/3*d**3 + 0*d - 1/8*d**4 + 1/40*d**5. Let p(u) be the third derivative of z(u). Give p(4).
-7
Let z be ((-4)/(-8))/(1/(-6)). Let p(b) = -b**2 - 2*b - 3. What is p(z)?
-6
Let y(w) = -w**3 - w + 3. Let l(d) = -7*d**2 + d + 6. Let o(r) = 4*r**2 - r - 3. Let j(z) = 3*l(z) + 5*o(z). Let g be j(-3). Calculate y(g).
3
Let w(q) = -q**2 - q. Let u(a) = -a**2 + 1. Let j be 6/33 + 48/(-22). Let t(x) = j*u(x) + w(x). Calculate t(4).
10
Suppose 8 = 5*n - 3*n. Let u be (n + -2)*(-1)/(-2). Let j(f) = -5*f + 1. What is j(u)?
-4
Let b(z) = z**3 - 5*z**2 + 3*z - 7. Let o(w) = w**2 - 8*w + 8. Let m be o(6). Let r = m - -5. Let y(p) = 5*p**3 + p**2 - 1. Let f be y(r). Give b(f).
8
Let v(j) = -8*j + 5. Let f(b) = -7*b + 4. Suppose -a + 5 = -z, -a = -5*a - z + 25. Let m(i) = a*f(i) - 5*v(i). What is m(2)?
-5
Let q(b) = -2*b + 4 - 9*b + 12*b - 4*b. Determine q(6).
-14
Let x(l) = -28*l + l**2 + 39*l + 11 - 4. Give x(-5).
-23
Let u(b) = -b - 1. Let y(z) = 11 + z**2 + 19*z - 6*z + 5 + 0*z**2. Let t be y(-12). Calculate u(t).
-5
Let c(d)